ivative of -3*u**5/20 + u**3/6 + u**2/2 + u. Let c be -135*5/(50/10). Let z be 3/2 + c/54. Calculate x(z).
3
Let z be (-1317)/147 - 6/147. Let h(b) be the first derivative of b**2/2 - 1. What is h(z)?
-9
Suppose 2*s + 6 = 0, 0 = -4*o - 8*s + 10*s + 14. Let x(r) = 0*r**o - 59*r - r**2 + 60*r. Suppose -23 = -5*y - 2*u, 0 = -5*y - 3*u + 16 + 11. Give x(y).
-6
Let q be 2 + (-136)/7 + (816/42)/(-34). Let u(y) = -y**3 - 18*y**2 + 8. Give u(q).
8
Let b(l) be the second derivative of 0 + 0*l**3 + 6*l + 7*l**2 + 1/24*l**4. Let h(r) be the first derivative of b(r). Calculate h(-7).
-7
Let f(p) = -p**3 + p**2 + 1. Let j be f(0). Let k(c) = 2*c**2 - 18*c - 11. Let q(i) = 11*i**2 - 48*i - 29. Let r(s) = -8*k(s) + 3*q(s). Calculate r(j).
18
Suppose 8*i = 25*i + 5780. Let n = -335 - i. Let k(s) = s**2 - s + 2. Calculate k(n).
22
Let p = 415 + -416. Let t be (5 - -2)*((-36)/28 - p). Let s(a) = -9*a - 1. Determine s(t).
17
Let l(v) be the second derivative of v**5/20 + 2*v**4 + 13*v**3/2 - 51*v**2 - 1876*v. Calculate l(-22).
8
Let m(p) = -p**3 - 8*p**2 - 11*p - 10. Let q(i) = 9*i**2 + 107*i - 271. Let z be q(-14). Give m(z).
-30
Let u(d) be the third derivative of -d**4/24 - d**3/2 - 4785*d**2. What is u(-16)?
13
Let n(t) = -t**3 + 6*t**2 + 17*t - 12. Let u be n(8). Let y(d) be the first derivative of d**4/4 + d**3 - 3*d**2/2 - 3*d + 7185. Give y(u).
-7
Let x(v) = -3 + 51*v - 27*v + 0 + 1. Give x(-1).
-26
Let o(b) be the second derivative of 1/2*b**4 + 5/6*b**3 + 0 + 7/2*b**2 - 34*b + 1/20*b**5. Give o(-6).
-23
Let f(l) = l**3 + l**2 + 3*l + 7. Suppose -3*o + 16 = 5*g, 3*g = 2*o + 25 - 4. Calculate f(o).
-20
Let o(t) = -t**2 + 16*t - 46. Let b be ((-31)/(-4) + -4)*96/30. Calculate o(b).
2
Let m(x) = -8*x - 22. Let c(u) = 3*u + 4. Let h(f) = -5*c(f) - m(f). Determine h(-4).
30
Let y(z) = -105 - 27*z + 22*z + 140. Determine y(6).
5
Let i(a) = 4*a**3 - 4*a**2 + 36*a + 88. Let t(q) = 3*q**3 - 7*q**2 + 38*q + 89. Let m(o) = 4*i(o) - 5*t(o). What is m(-21)?
-9
Suppose -m - 7 = 0, -46*q + 42*q - 60 = 4*m. Let c(t) = -t - 7. Give c(q).
1
Let c(u) = 1 - u**3 + 3*u**3 + 161445*u**2 - 161441*u**2 + 2*u. Calculate c(-3).
-23
Let k be (-8)/2 + 3/(-1) + 7. Let x(m) = 4 - 11 - 20*m + 12*m + k + 6. Calculate x(-1).
7
Let p(a) = a**3 + 8*a**2 + 4*a + 6. Suppose 0 = 585*u - 691*u - 636. Determine p(u).
54
Let h(g) = -g**3 - 9*g**2 - 12*g - 10. Let k = 370 + -346. Let n(a) = -8*a + 184. Let p be n(k). Give h(p).
22
Let z = -14 - -29. Let t = z - 15. Suppose 0 = b - 0 - 2, t = 3*m + 5*b + 8. Let g(q) = q + 6. Calculate g(m).
0
Let n(y) be the first derivative of -15*y**2 - 36*y + 214. Give n(-8).
204
Let v(m) = 8991*m**2 + 2*m**3 - 19 - 3*m**3 - 8994*m**2. Let w be v(-4). Let u(l) = -l**3 - 2*l**2 + l + 2. Give u(w).
8
Let l(g) be the third derivative of 0 + 0*g - 1/15*g**5 - 1/360*g**6 - 13/6*g**3 + 14*g**2 - 1/12*g**4. Let a(j) be the first derivative of l(j). Give a(-7).
5
Let k be 90/(-14) + 24/(-42). Let w(j) = -6*j - 1. Let d be w(-1). Let a(b) = -3*b + d + 4*b - 15 + 0*b. What is a(k)?
-17
Let z(o) = 2*o**2 + 6*o - 13. Let b(x) = -x**2 - x + 1. Let j(r) = -4*b(r) - z(r). Calculate j(2).
13
Let z(f) = 20*f**2 - 23*f + 3. Let h(a) = 7*a**2 - 8*a + 1. Let w(s) = -17*h(s) + 6*z(s). Let q be 26/12 + (-6)/36. Let d be (0 - -1) + (q - 1). Calculate w(d).
1
Let g(l) be the first derivative of -l**4/24 - 3*l**3 + l**2/2 + 27*l - 15. Let z(k) be the second derivative of g(k). Determine z(-9).
-9
Let n(m) be the second derivative of 5*m**3/6 - m**2/2 - 2*m - 1165. What is n(-4)?
-21
Let y be (-3 - 7/(-3)) + 164/12. Suppose -g - y = -2*u, 5*u - 8*g = -6*g + 32. Let k(l) = -l**2 + 14*l + 2. Calculate k(u).
50
Let p be (9/(-12))/(1/4). Suppose 28 = 4*l + 10*l. Let n(u) = -77 + 2*u**2 + 79 - l*u + 2*u. Give n(p).
20
Let a = 20 - 28. Let t(q) be the second derivative of -q**3/3 + 4*q**2 - 10108*q + 1. Calculate t(a).
24
Suppose 14*l = 4 + 108. Let t(f) = f - 4*f**2 + l*f**3 + 6 + 3 - 6 - 7*f**3. Give t(2).
-3
Let a(j) = -8*j**3 + 9*j**3 - 7*j**2 + 2*j**2 + 2*j + 4. Let p be 10/6*(-225)/(-25). Suppose v = 4*x - p, 3*x - 8*x - 3*v = -6. What is a(x)?
-8
Let x(v) = 8*v + 25. Suppose -31*a - 774 + 309 = 0. Give x(a).
-95
Let n(i) = 26002*i**2 + 1189 - 1191 - 26000*i**2. Let f be 36/(-10) + (-4)/10. Determine n(f).
30
Let k(j) = -4*j**2 - 8*j + j**3 + 9*j**2 + 2*j**2 + 9. Let m be k(-8). Let c = 14 - m. Let z(r) = -r**3 + 6*r**2 - 4*r - 6. What is z(c)?
-1
Let k(a) = 18*a - 194. Let j be k(11). Suppose n - 8*q = -7*q - 9, 0 = 5*n + j*q + 27. Let p(w) = -w**2 - 7*w + 7. Determine p(n).
7
Let v(w) = -w**3 - w**2 + 12*w + 21. Let k be v(-3). Let x(s) = 13*s**3 - s**2 - s**3 - 11*s**k. Calculate x(0).
0
Let m(f) = f**3 - 7*f**2 + 6*f + 1. Let y(q) = 3*q - 5. Let j be y(7). Suppose j*t - 18 = 13*t. Calculate m(t).
1
Let s(i) = -i**3 - 5*i**2 - 5*i - 2. Let n = 72 + -56. Let b = n - -6. Suppose -3*y - b = -13. Determine s(y).
-5
Let g(c) = -2*c + 80. Let p(k) = -2*k + 238. Let v(b) = 8*g(b) - 3*p(b). What is v(-7)?
-4
Let f(y) = -y**3 + 17*y**2 - 76*y + 43. Let t be f(7). Let n(j) = 17*j - 2. Determine n(t).
15
Suppose -3*a + 5*u - 28 = -4*a, -a - 3*u + 18 = 0. Suppose 2*t + 11 = -5*m, 3*t + a*m + 12 = -0*t. Let r(b) = 2*b**2 + 4*b. Give r(t).
6
Let t = -5731 + 5734. Let b(l) = 5*l + 17. Determine b(t).
32
Suppose -226*a = -220*a - 12. Suppose a*k + 47 = 61. Let i(f) = -3*f + 20. What is i(k)?
-1
Let h = -888 - -899. Let d(y) = 2*y. Let j(p) = 11*p - 9. Let u(l) = 5*d(l) - j(l). Determine u(h).
-2
Let l(j) = 25*j + 27. Let v be (-1783 - -1786)*((-7)/12 + (-2)/(-8)). Give l(v).
2
Let m(l) = 0 + 5*l - 6*l - 6. Suppose -47 = -4*u + 21. Suppose -4*q = -4*i - 12, 4*i + u = -3*q + 5. What is m(q)?
-6
Let p(g) = g**3 + 4*g**2 - 4*g - 5. Let h = -34 - -128. Let k = h - 99. Determine p(k).
-10
Suppose -64*t - 417 = -203*t. Let g(y) = y**3 - 2*y**2 - 3. What is g(t)?
6
Let w(i) = i**3 + 6*i**2 - 5*i + 7. Let c be (-2)/10 - ((-3655)/25 + 4). Let h = 135 - c. Determine w(h).
-7
Let r(v) = -135*v + 74*v - v**2 + 68*v - 3. Let a be r(7). Let y(l) = -16*l - 13. Let z(t) = -8*t - 6. Let p(o) = 4*y(o) - 9*z(o). Calculate p(a).
-22
Let f(q) = 29804 + 5*q - 29805 - 5*q**2 + q**3 + 2*q**2 - 4*q**2. Give f(6).
-7
Let j be 4 + 35/(-5) + 41. Let g be (-346)/j - ((-165)/(-57) - 3). Let i(n) = -n**2 - 10*n - 13. Calculate i(g).
-4
Let b(i) = 206*i - 818. Let y be b(4). Let f(d) = -d**3 + 4*d**2 + 12*d - 7. Calculate f(y).
-7
Let p(g) = -g**2 - 22*g - 119. Let m be p(-11). Let k(c) = -3 - c - 2 + m + 2*c + 2. Calculate k(2).
1
Let k(l) = 5*l - 53. Suppose -6*z + 3*z - 5*i = -28, 2*i - 4 = 0. Give k(z).
-23
Let g(u) = u**3 + 15*u**2 + 14*u - 8. Let d be g(-13). Let j = d - 150. Let p(s) = -s**2 - 2*s + 2. Determine p(j).
2
Let v = -41 + 50. Let m(i) = 11*i**2 - 3*i + 15. Let b(l) = -5*l**2 + 2*l - 7. Let d(u) = v*b(u) + 4*m(u). Let o be -1*(-4 + 1 + -1). Calculate d(o).
5
Let j(p) = 5*p - 5. Let u(c) = -2*c**2 - 24*c - 33. Let a be u(-10). Let z = a - 11. Determine j(z).
-25
Suppose -21*a = -32 - 31 - 0. Let k(g) = -g - 13. Determine k(a).
-16
Suppose 4*c + 7 = -5. Let y be (-135)/(-30) + c/2. Let p be -12*((-2)/(-7) - y/(-14)). Let g(u) = -u - 3. Calculate g(p).
3
Let s(v) = -120*v**2 - 4*v + 38. Let c(j) = -22*j**2 - j + 7. Let l(h) = 11*c(h) - 2*s(h). Let z = -4 - -1. Determine l(z).
-8
Let m(q) = 1 - 914*q - 833*q - 4*q**2 + 1752*q. Suppose -c = 3*k - k - 8, -4*k = 4*c - 20. Give m(k).
-20
Let m(c) = 2*c + 6. Let s = 130 - 90. Suppose 0 = -3*l + 3*q - 30, 5*q + s = -2*l + 2*q. What is m(l)?
-22
Let p(j) be the second derivative of -j**3 + 3*j. Suppose 357 = 10*z + 7*z. Let c be z/(-9) + (-12)/(-9). What is p(c)?
6
Let j(r) = r**3 + 5*r**2 + 5*r + 6. Let h be 8/6*2810/20*3. Let g = -566 + h. Determine j(g).
2
Let v(g) = g**3 + 30*g**2 - 3*g - 92. Let i(j) = j**3 + 26*j**2 - 117*j + 60. Let c be i(-30). Determine v(c).
-2
Suppose -5*s - 55 = 5*y, -115*y = -116*y + 5*s + 25. Let l(f) = -f**2 - 6*f - 2. Determine l(y).
3
Let z(h) = h - 3. Suppose 7*x - 43 = -37 + 64. Determine z(x).
7
Let x(a) be the first derivative of a**2/2 - 13*a + 3433. Give x(20).
7
Let c = 34 + -20. Suppose -11 = 5*n + c. Let d(w) be the first derivative of w**2/2 + 8*w + 26. Calculate d(n).
3
Let w be -1 + -1 + 3 + 1. Suppose -3*o = -2*o - w. Let